{"id":47,"date":"2016-10-21T10:20:19","date_gmt":"2016-10-21T10:20:19","guid":{"rendered":"http:\/\/vieregg.com\/?page_id=47"},"modified":"2025-12-01T16:23:12","modified_gmt":"2025-12-01T16:23:12","slug":"start","status":"publish","type":"page","link":"https:\/\/vieregg.com\/","title":{"rendered":"Herzlich willkommen"},"content":{"rendered":"<p>[et_pb_section fb_built=&#8220;1&#8243; _builder_version=&#8220;4.0.6&#8243; background_color=&#8220;#e09900&#8243; background_image=&#8220;https:\/\/vieregg.com\/wp-content\/uploads\/2020\/01\/P1160006-scaled.jpg&#8220; parallax=&#8220;on&#8220; global_colors_info=&#8220;{}&#8220;][et_pb_row _builder_version=&#8220;4.0.6&#8243; background_image=&#8220;https:\/\/vieregg.com\/wp-content\/uploads\/2016\/10\/PA220135-e1576876534818.jpg&#8220; max_height=&#8220;818px&#8220; global_colors_info=&#8220;{}&#8220;][et_pb_column type=&#8220;4_4&#8243; _builder_version=&#8220;4.0.6&#8243; global_colors_info=&#8220;{}&#8220;][et_pb_text _builder_version=&#8220;4.9.11&#8243; global_colors_info=&#8220;{}&#8220;]<\/p>\n<h2 style=\"text-align: center;\"><span style=\"color: #808080;\">Atelier Vieregg &#8211; Kompetenz in Kunst<\/span><\/h2>\n<p>[\/et_pb_text][\/et_pb_column][\/et_pb_row][et_pb_row column_structure=&#8220;1_2,1_2&#8243; _builder_version=&#8220;3.25&#8243; global_colors_info=&#8220;{}&#8220;][et_pb_column type=&#8220;1_2&#8243; _builder_version=&#8220;3.25&#8243; background_color=&#8220;#e0e0e0&#8243; custom_padding=&#8220;|||&#8220; global_colors_info=&#8220;{}&#8220; custom_padding__hover=&#8220;|||&#8220;][et_pb_cta title=&#8220;Sie suchen einen Malkurs&#8220; button_url=&#8220;https:\/\/vieregg.com\/?page_id=697&#8243; url_new_window=&#8220;on&#8220; button_text=&#8220;Buchen Sie jetzt&#8220; _builder_version=&#8220;4.9.11&#8243; global_colors_info=&#8220;{}&#8220;][\/et_pb_cta][et_pb_image src=&#8220;https:\/\/vieregg.com\/wp-content\/uploads\/2023\/10\/IMG_2179-rotated.jpg&#8220; title_text=&#8220;IMG_2179&#8243; _builder_version=&#8220;4.9.11&#8243; global_colors_info=&#8220;{}&#8220;][\/et_pb_image][\/et_pb_column][et_pb_column type=&#8220;1_2&#8243; _builder_version=&#8220;3.25&#8243; background_color=&#8220;#e0e0e0&#8243; custom_padding=&#8220;|||&#8220; global_colors_info=&#8220;{}&#8220; custom_padding__hover=&#8220;|||&#8220;][et_pb_cta title=&#8220;3D-Online  Ausstellung&#8220; button_url=&#8220;http:\/\/www.ateliervieregg-ausstellung.de&#8220; url_new_window=&#8220;on&#8220; button_text=&#8220;Schauen Sie vorbei&#8220; _builder_version=&#8220;4.9.11&#8243; link_option_url_new_window=&#8220;on&#8220; global_colors_info=&#8220;{}&#8220; button_text__hover_enabled=&#8220;off|desktop&#8220;][\/et_pb_cta][et_pb_image src=&#8220;https:\/\/vieregg.com\/wp-content\/uploads\/2021\/12\/foto_ausstellung.jpg&#8220; title_text=&#8220;foto_ausstellung&#8220; _builder_version=&#8220;4.9.11&#8243; custom_padding=&#8220;0px||0px||false|false&#8220; global_colors_info=&#8220;{}&#8220;][\/et_pb_image][\/et_pb_column][\/et_pb_row][\/et_pb_section][et_pb_section fb_built=&#8220;1&#8243; _builder_version=&#8220;4.0.6&#8243; background_color=&#8220;#f0b800&#8243; background_image=&#8220;https:\/\/vieregg.com\/wp-content\/uploads\/2016\/10\/PA220135-e1576876534818.jpg&#8220; parallax=&#8220;on&#8220; global_colors_info=&#8220;{}&#8220;][et_pb_row column_structure=&#8220;1_4,1_4,1_4,1_4&#8243; _builder_version=&#8220;3.25&#8243; global_colors_info=&#8220;{}&#8220;][et_pb_column type=&#8220;1_4&#8243; _builder_version=&#8220;3.25&#8243; background_color=&#8220;#e0e0e0&#8243; custom_padding=&#8220;|||&#8220; global_colors_info=&#8220;{}&#8220; custom_padding__hover=&#8220;|||&#8220;][et_pb_cta title=&#8220;Kunst im B\u00fcro oder Praxis&#8220; button_url=&#8220;https:\/\/vieregg.com\/?page_id=433&#8243; url_new_window=&#8220;on&#8220; button_text=&#8220;Informieren Sie sich&#8220; admin_label=&#8220;Handlungsaufruf&#8220; _builder_version=&#8220;4.9.11&#8243; global_colors_info=&#8220;{}&#8220;][\/et_pb_cta][\/et_pb_column][et_pb_column type=&#8220;1_4&#8243; _builder_version=&#8220;3.25&#8243; background_color=&#8220;#e0e0e0&#8243; custom_padding=&#8220;|||&#8220; global_colors_info=&#8220;{}&#8220; custom_padding__hover=&#8220;|||&#8220;][et_pb_cta title=&#8220;Das Atelier in Landau i. d. Uferschen H\u00f6fen&#8220; button_url=&#8220;https:\/\/vieregg.com\/?page_id=18&#8243; url_new_window=&#8220;on&#8220; button_text=&#8220;Einblick&#8220; _builder_version=&#8220;4.9.11&#8243; global_colors_info=&#8220;{}&#8220;][\/et_pb_cta][\/et_pb_column][et_pb_column type=&#8220;1_4&#8243; _builder_version=&#8220;3.25&#8243; background_color=&#8220;#e0e0e0&#8243; custom_padding=&#8220;|||&#8220; global_colors_info=&#8220;{}&#8220; custom_padding__hover=&#8220;|||&#8220;][et_pb_cta title=&#8220;k\u00fcnstlerische Arbeit               &#8220; button_url=&#8220;https:\/\/vieregg.com\/?page_id=2&#8243; url_new_window=&#8220;on&#8220; button_text=&#8220;Vita&#8220; _builder_version=&#8220;4.9.11&#8243; global_colors_info=&#8220;{}&#8220;][\/et_pb_cta][\/et_pb_column][et_pb_column type=&#8220;1_4&#8243; _builder_version=&#8220;3.25&#8243; background_color=&#8220;#e0e0e0&#8243; custom_padding=&#8220;|||&#8220; global_colors_info=&#8220;{}&#8220; custom_padding__hover=&#8220;|||&#8220;][et_pb_cta title=&#8220;individueller Service&#8220; button_url=&#8220;https:\/\/vieregg.com\/?page_id=73&#8243; url_new_window=&#8220;on&#8220; button_text=&#8220;Info&#8220; admin_label=&#8220;Handlungsaufruf&#8220; _builder_version=&#8220;4.9.11&#8243; global_colors_info=&#8220;{}&#8220;][\/et_pb_cta][\/et_pb_column][\/et_pb_row][\/et_pb_section][et_pb_section fb_built=&#8220;1&#8243; fullwidth=&#8220;on&#8220; _builder_version=&#8220;4.0.6&#8243; global_colors_info=&#8220;{}&#8220;][\/et_pb_section][et_pb_section fb_built=&#8220;1&#8243; _builder_version=&#8220;4.0.6&#8243; background_color=&#8220;#e09900&#8243; background_image=&#8220;https:\/\/vieregg.com\/wp-content\/uploads\/2017\/10\/k-P8210003.jpg&#8220; global_colors_info=&#8220;{}&#8220;][et_pb_row _builder_version=&#8220;4.0.6&#8243; global_colors_info=&#8220;{}&#8220;][et_pb_column type=&#8220;4_4&#8243; _builder_version=&#8220;3.25&#8243; custom_padding=&#8220;|||&#8220; global_colors_info=&#8220;{}&#8220; custom_padding__hover=&#8220;|||&#8220;][et_pb_accordion _builder_version=&#8220;4.9.11&#8243; toggle_level=&#8220;h2&#8243; hover_enabled=&#8220;0&#8243; global_colors_info=&#8220;{}&#8220; sticky_enabled=&#8220;0&#8243;][et_pb_accordion_item title=&#8220;Raum f\u00fcr Kunst und Kreativit\u00e4t in Landau&#8220; open=&#8220;on&#8220; _builder_version=&#8220;4.9.11&#8243; global_colors_info=&#8220;{}&#8220;]<\/p>\n<h3>&nbsp;<\/h3>\n<h3>&nbsp;<\/h3>\n<h3 style=\"text-align: left;\">In der Produzentengalerie und im Atelier in Landau finden Sie moderne Kunst und abstrakte Malerei.<\/h3>\n<p style=\"text-align: left;\">Kommen SIe vorbei und schauen SIe sich um. Alle Kunstwerke sind direkt aus meinem Atelier mit <span style=\"color: #ff0000;\">Echtheitszertifikat<\/span> und <span style=\"color: #ff0000;\">Echtheitsstempel<\/span>. SIe finden auch <strong>Kunstkarten<\/strong>, <strong>Kunstplakate<\/strong> in einer eigenen Edition mit ausgew\u00e4hlten Kunstwerken,&nbsp; und ganz neu <strong>Stelen<\/strong> in verschiedenen Gr\u00f6\u00dfen. Ich nutze hochwertige <strong>Alurahmen<\/strong> der Firma Halbe aus<strong> regionaler Produktion<\/strong> &#8211; nicht in \u00dcbersee gefertigt!<\/p>\n<h3 style=\"text-align: left;\">Individuelle Malkurse und eine kompetente Begleitung<\/h3>\n<p style=\"text-align: left;\">Ich biete individuelle Malkurse f\u00fcr Anf\u00e4nger und Fortgeschrittene und eine Sommerakademie in einer <strong>kleinen Gruppe<\/strong> Im Atelier an. Sie werden dabei <strong>individuell<\/strong> bei Ihrem Malprozess begleitet &#8211; geht nicht gibt es nicht!<\/p>\n<h3 style=\"text-align: left;\">Abstrakte und Moderne Malerei<\/h3>\n<p style=\"text-align: left;\">Mein Schwerpunkt ist die abstrakte Malerei und das expressive Malen von unterschiedlichen Themen. Gerne experimentiere ich hierbei mit Farben und Materialien.<\/p>\n<p style=\"text-align: left;\">&nbsp;<\/p>\n<p>[\/et_pb_accordion_item][et_pb_accordion_item title=&#8220;                                                                                                                      Anschrift                 &#8220; _builder_version=&#8220;4.9.11&#8243; background_color=&#8220;#ffffff&#8220; global_colors_info=&#8220;{}&#8220; open=&#8220;off&#8220;]<\/p>\n<p><strong>Atelier Vieregg<br \/>Ufersche H\u00f6fe<br \/><\/strong>Theaterstra\u00dfe 17<br \/>76829 Landau\/Pfalz<\/p>\n<p>[\/et_pb_accordion_item][et_pb_accordion_item title=&#8220;                                                                                                               \u00d6ffnungszeiten                                 &#8220; _builder_version=&#8220;4.9.11&#8243; hover_enabled=&#8220;0&#8243; global_colors_info=&#8220;{}&#8220; open=&#8220;off&#8220; sticky_enabled=&#8220;0&#8243;]<\/p>\n<p>&nbsp;<\/p>\n<p>Donnerstag:&nbsp; &nbsp;15 &#8211; 17.30<br \/>Freitag:&nbsp; &nbsp; &nbsp; &nbsp; &nbsp; 15 &#8211; 17.30<br \/>Samstag:&nbsp; &nbsp; &nbsp; &nbsp;10 &#8211; 13<\/p>\n<p>und nach Vereinbarung: 015259420366<\/p>\n<p>&nbsp;<\/p>\n<p>&nbsp;<\/p>\n<p>[\/et_pb_accordion_item][et_pb_accordion_item title=&#8220;                                                                                                                      Aktuelles        &#8220; _builder_version=&#8220;4.9.11&#8243; background_color=&#8220;#ffffff&#8220; global_colors_info=&#8220;{}&#8220; open=&#8220;off&#8220;]<\/p>\n<p>ge\u00f6ffnet in den Uferschen H\u00f6fen, Theaterstra\u00dfe 17, 76829 Landau<\/p>\n<p>&nbsp;<\/p>\n<p>&nbsp;<\/p>\n<p>[\/et_pb_accordion_item][\/et_pb_accordion][\/et_pb_column][\/et_pb_row][\/et_pb_section][et_pb_section fb_built=&#8220;1&#8243; _builder_version=&#8220;4.0.6&#8243; background_image=&#8220;https:\/\/vieregg.com\/wp-content\/uploads\/2016\/10\/PA220135-e1576876534818.jpg&#8220; global_colors_info=&#8220;{}&#8220;][et_pb_row _builder_version=&#8220;4.0.6&#8243; background_size=&#8220;initial&#8220; background_position=&#8220;top_left&#8220; background_repeat=&#8220;repeat&#8220; global_colors_info=&#8220;{}&#8220;][et_pb_column type=&#8220;4_4&#8243; _builder_version=&#8220;3.25&#8243; custom_padding=&#8220;|||&#8220; global_colors_info=&#8220;{}&#8220; custom_padding__hover=&#8220;|||&#8220;][et_pb_text _builder_version=&#8220;4.9.11&#8243; border_style_all=&#8220;solid&#8220; border_style=&#8220;solid&#8220; global_colors_info=&#8220;{}&#8220;]<\/p>\n<h2 style=\"text-align: center;\"><strong>Aktuelle Neuigkeiten<br \/><\/strong><\/h2>\n<p>[\/et_pb_text][et_pb_blog posts_number=&#8220;3&#8243; show_content=&#8220;on&#8220; show_author=&#8220;off&#8220; show_categories=&#8220;off&#8220; show_comments=&#8220;on&#8220; show_pagination=&#8220;off&#8220; _builder_version=&#8220;4.9.11&#8243; pagination_font_size_tablet=&#8220;51&#8243; pagination_line_height_tablet=&#8220;2&#8243; use_dropshadow=&#8220;off&#8220; global_colors_info=&#8220;{}&#8220;][\/et_pb_blog][\/et_pb_column][\/et_pb_row][\/et_pb_section]<\/p>\n","protected":false},"excerpt":{"rendered":"<p>Atelier Vieregg &#8211; Kompetenz in Kunst&nbsp; &nbsp; In der Produzentengalerie und im Atelier in Landau finden Sie moderne Kunst und abstrakte Malerei. Kommen SIe vorbei und schauen SIe sich um. Alle Kunstwerke sind direkt aus meinem Atelier mit Echtheitszertifikat und Echtheitsstempel. SIe finden auch Kunstkarten, Kunstplakate in einer eigenen Edition mit ausgew\u00e4hlten Kunstwerken,&nbsp; und ganz [&hellip;]<\/p>\n","protected":false},"author":1,"featured_media":0,"parent":0,"menu_order":0,"comment_status":"closed","ping_status":"closed","template":"","meta":{"_et_pb_use_builder":"on","_et_pb_old_content":"<h2><img class=\"size-medium wp-image-301 alignleft\" src=\"http:\/\/vieregg.com\/wp-content\/uploads\/2017\/06\/P5050049-300x225.jpg\" alt=\"\" width=\"300\" height=\"225\"><br> <strong>Atelier Vieregg<\/strong><\/h2><p>Friedrich-Emmerich-Stra\u00dfe 9 | 57610 Altenkirchen\u00a0\u00a0\u00a0\u00a0\u00a0\u00a0\u00a0\u00a0\u00a0\u00a0\u00a0\u00a0\u00a0\u00a0\u00a0\u00a0\u00a0\u00a0\u00a0\u00a0\u00a0\u00a0\u00a0\u00a0\u00a0\u00a0\u00a0\u00a0\u00a0\u00a0\u00a0\u00a0\u00a0\u00a0\u00a0\u00a0<br> (<em>N\u00e4he Bahnhof\/UNIKUM um die Ecke<\/em>)<\/p><p>Ich bin auch im <a href=\"http:\/\/www.unikum-regionalladen.de\" target=\"_blank\" rel=\"noopener\"><strong>UNIKUM-Regionalladen<\/strong><\/a><br> mit einem Regal pr\u00e4sent\u00a0 (kleine Geschenke, Kunstkarten etc.)<em><br> offenes Atelier: samstags von 11 Uhr - 15\u00a0<\/em><\/p><p>\u00a0<\/p><p style=\"text-align: right;\"><strong>Kunst entdecken | Kunst erleben | Malkurse | Kunst im B\u00fcro | klein- und gro\u00dfformatige Werke | Kunst mieten\u00a0 \u00a0<\/strong> \u00a0 \u00a0 \u00a0 \u00a0 \u00a0 \u00a0 \u00a0 \u00a0 \u00a0 \u00a0 \u00a0 \u00a0 \u00a0 \u00a0 \u00a0 \u00a0 \u00a0 \u00a0 \u00a0 \u00a0 \u00a0 \u00a0 \u00a0 \u00a0 \u00a0 \u00a0 \u00a0 \u00a0 \u00a0 \u00a0 \u00a0 \u00a0 \u00a0 \u00a0 \u00a0 \u00a0 \u00a0 \u00a0 \u00a0 \u00a0 \u00a0 \u00a0 \u00a0 \u00a0 \u00a0 \u00a0 \u00a0 \u00a0 \u00a0 \u00a0 \u00a0 \u00a0 \u00a0 \u00a0 \u00a0 \u00a0 \u00a0 \u00a0 \u00a0 \u00a0 \u00a0 \u00a0 \u00a0 \u00a0 \u00a0 \u00a0 \u00a0 \u00a0 \u00a0 \u00a0 \u00a0 \u00a0 \u00a0 \u00a0 \u00a0 \u00a0 \u00a0 \u00a0 \u00a0 \u00a0 \u00a0 \u00a0 \u00a0 \u00a0 \u00a0 \u00a0 \u00a0 \u00a0 \u00a0 \u00a0 \u00a0 \u00a0 \u00a0 \u00a0 \u00a0 \u00a0 \u00a0 \u00a0 \u00a0 \u00a0 \u00a0 \u00a0 \u00a0 \u00a0 \u00a0 \u00a0 \u00a0 \u00a0<\/p>","_et_gb_content_width":"","ngg_post_thumbnail":0,"footnotes":""},"class_list":["post-47","page","type-page","status-publish","hentry"],"aioseo_notices":[],"_links":{"self":[{"href":"https:\/\/vieregg.com\/index.php?rest_route=\/wp\/v2\/pages\/47","targetHints":{"allow":["GET"]}}],"collection":[{"href":"https:\/\/vieregg.com\/index.php?rest_route=\/wp\/v2\/pages"}],"about":[{"href":"https:\/\/vieregg.com\/index.php?rest_route=\/wp\/v2\/types\/page"}],"author":[{"embeddable":true,"href":"https:\/\/vieregg.com\/index.php?rest_route=\/wp\/v2\/users\/1"}],"replies":[{"embeddable":true,"href":"https:\/\/vieregg.com\/index.php?rest_route=%2Fwp%2Fv2%2Fcomments&post=47"}],"version-history":[{"count":241,"href":"https:\/\/vieregg.com\/index.php?rest_route=\/wp\/v2\/pages\/47\/revisions"}],"predecessor-version":[{"id":2664,"href":"https:\/\/vieregg.com\/index.php?rest_route=\/wp\/v2\/pages\/47\/revisions\/2664"}],"wp:attachment":[{"href":"https:\/\/vieregg.com\/index.php?rest_route=%2Fwp%2Fv2%2Fmedia&parent=47"}],"curies":[{"name":"wp","href":"https:\/\/api.w.org\/{rel}","templated":true}]}}